e factors of 777991.
47, 16553
What are the prime factors of 1123826?
2, 11, 23, 2221
What are the prime factors of 1011504?
2, 3, 13, 1621
List the prime factors of 5511692.
2, 1377923
What are the prime factors of 1075277?
7, 153611
List the prime factors of 268948.
2, 71, 947
List the prime factors of 1576607.
37, 42611
What are the prime factors of 2025608?
2, 13, 19477
What are the prime factors of 1028923?
7, 146989
What are the prime factors of 348962?
2, 174481
What are the prime factors of 5385463?
5385463
What are the prime factors of 2040680?
2, 5, 17, 3001
What are the prime factors of 10465502?
2, 1723, 3037
What are the prime factors of 61543?
61543
What are the prime factors of 5528179?
17, 325187
List the prime factors of 3488509.
499, 6991
List the prime factors of 5915005.
5, 37, 31973
What are the prime factors of 147508?
2, 36877
List the prime factors of 8135338.
2, 37, 109937
What are the prime factors of 670726?
2, 7, 23, 2083
What are the prime factors of 417226?
2, 227, 919
List the prime factors of 395236.
2, 98809
List the prime factors of 98755.
5, 19751
What are the prime factors of 311704?
2, 47, 829
What are the prime factors of 12320164?
2, 97, 113, 281
List the prime factors of 156081.
3, 52027
What are the prime factors of 1456597?
19, 31, 2473
List the prime factors of 225211.
7, 32173
What are the prime factors of 106366?
2, 13, 4091
List the prime factors of 7156313.
569, 12577
What are the prime factors of 461191?
461191
List the prime factors of 4474247.
17, 263191
List the prime factors of 32769.
3, 11, 331
What are the prime factors of 1002388?
2, 17, 14741
What are the prime factors of 230561?
230561
List the prime factors of 4773399.
3, 139, 11447
What are the prime factors of 1318259?
1318259
What are the prime factors of 33446314?
2, 11, 1520287
List the prime factors of 1386097.
1386097
List the prime factors of 5088.
2, 3, 53
List the prime factors of 773530.
2, 5, 103, 751
List the prime factors of 126629.
139, 911
What are the prime factors of 2004534?
2, 3, 7, 5303
List the prime factors of 541420.
2, 5, 11, 23, 107
What are the prime factors of 9219?
3, 7, 439
List the prime factors of 3693693.
3, 1231231
List the prime factors of 1533980.
2, 5, 7, 10957
List the prime factors of 143900.
2, 5, 1439
List the prime factors of 2209864.
2, 17, 16249
What are the prime factors of 2266384?
2, 141649
What are the prime factors of 1520620?
2, 5, 76031
What are the prime factors of 1939383?
3, 23, 347
What are the prime factors of 1207905?
3, 5, 80527
List the prime factors of 453783.
3, 11, 13751
List the prime factors of 50514.
2, 3, 8419
What are the prime factors of 8307170?
2, 5, 43, 19319
List the prime factors of 2130799.
11, 97, 1997
List the prime factors of 2189333.
2189333
List the prime factors of 10363481.
10363481
List the prime factors of 1047646.
2, 197, 2659
What are the prime factors of 12352435?
5, 1319, 1873
List the prime factors of 21293.
107, 199
What are the prime factors of 1364945?
5, 272989
List the prime factors of 3378975.
3, 5, 45053
List the prime factors of 522493.
29, 43, 419
What are the prime factors of 235932?
2, 3, 19661
List the prime factors of 13681878.
2, 3, 7, 173, 269
List the prime factors of 16314516.
2, 3, 453181
What are the prime factors of 2032742?
2, 1016371
What are the prime factors of 2465437?
13, 61, 3109
What are the prime factors of 3964164?
2, 3, 330347
What are the prime factors of 14141708?
2, 7, 505061
What are the prime factors of 237866?
2, 23, 5171
List the prime factors of 53456.
2, 13, 257
What are the prime factors of 14885844?
2, 3, 1240487
What are the prime factors of 5359565?
5, 101, 10613
List the prime factors of 384079.
384079
List the prime factors of 5602089.
3, 197, 9479
List the prime factors of 1402158.
2, 3, 233693
What are the prime factors of 4011769?
4011769
What are the prime factors of 273269?
273269
List the prime factors of 1379528.
2, 172441
What are the prime factors of 108164?
2, 7, 3863
What are the prime factors of 91319?
53, 1723
List the prime factors of 2811831.
3, 11, 139, 613
List the prime factors of 1371650.
2, 5, 7, 3919
What are the prime factors of 330716?
2, 29, 2851
List the prime factors of 15842.
2, 89
What are the prime factors of 5223391?
347, 15053
List the prime factors of 632471.
7, 90353
What are the prime factors of 254568?
2, 3, 10607
List the prime factors of 135723.
3, 7, 23, 281
List the prime factors of 740042.
2, 370021
List the prime factors of 610386.
2, 3, 7, 14533
What are the prime factors of 787999?
787999
What are the prime factors of 3477169?
41, 84809
List the prime factors of 1542091.
1542091
What are the prime factors of 14335?
5, 47, 61
What are the prime factors of 564117?
3, 43, 4373
What are the prime factors of 830130?
2, 3, 5, 7, 59, 67
What are the prime factors of 4379472?
2, 3, 17, 1789
What are the prime factors of 340239?
3, 23, 4931
List the prime factors of 367505.
5, 31, 2371
What are the prime factors of 2715?
3, 5, 181
List the prime factors of 96919.
19, 5101
What are the prime factors of 18133309?
18133309
What are the prime factors of 3477218?
2, 1738609
List the prime factors of 194595.
3, 5, 12973
What are the prime factors of 254077?
41, 6197
What are the prime factors of 28463?
28463
List the prime factors of 985151.
985151
What are the prime factors of 1362535?
5, 272507
List the prime factors of 3256006.
2, 13, 125231
What are the prime factors of 16121109?
3, 97, 55399
What are the prime factors of 11196444?
2, 3, 7, 41, 3251
List the prime factors of 9125751.
3, 3041917
List the prime factors of 233396.
2, 19, 37, 83
List the prime factors of 377702.
2, 13, 73, 199
List the prime factors of 23874914.
2, 7, 67, 25453
What are the prime factors of 27193169?
31, 877199
What are the prime factors of 3135551?
19, 227, 727
What are the prime factors of 368049?
3, 11, 19, 587
What are the prime factors of 3391901?
37, 91673
List the prime factors of 1553327.
29, 1847
What are the prime factors of 16146604?
2, 347, 11633
List the prime factors of 23160817.
17, 1362401
What are the prime factors of 6429173?
6429173
List the prime factors of 3749330.
2, 5, 13, 151, 191
List the prime factors of 644588.
2, 7, 23021
List the prime factors of 17630403.
3, 7, 61, 13763
What are the prime factors of 5901466?
2, 73, 83, 487
List the prime factors of 4483146.
2, 3, 97, 7703
List the prime factors of 3736644.
2, 3, 131, 2377
List the prime factors of 13416.
2, 3, 13, 43
List the prime factors of 521895.
3, 5, 11, 3163
What are the prime factors of 445536?
2, 3, 7, 13, 17
What are the prime factors of 7685227?
11, 607, 1151
List the prime factors of 580997.
580997
List the prime factors of 197718.
2, 3, 31, 1063
List the prime factors of 7102451.
283, 25097
What are the prime factors of 9036976?
2, 13, 23, 1889
List the prime factors of 227198.
2, 47, 2417
What are the prime factors of 5600979?
3, 622331
List the prime factors of 245779.
107, 2297
What are the prime factors of 2559293?
11, 232663
List the prime factors of 22100185.
5, 4420037
What are the prime factors of 497161?
7, 71023
What are the prime factors of 110185?
5, 22037
List the prime factors of 305445.
3, 5, 7, 2909
What are the prime factors of 7919808?
2, 3, 13, 19, 167
What are the prime factors of 12043880?
2, 5, 211, 1427
What are the prime factors of 1951197?
3, 263, 2473
What are the prime factors of 56442?
2, 3, 23, 409
What are the prime factors of 706186?
2, 13, 157, 173
List the prime factors of 9739551.
3, 809, 4013
What are the prime factors of 13692552?
2, 3, 251, 2273
List the prime factors of 5555038.
2, 409, 6791
What are the prime factors of 7737432?
2, 3, 29, 11117
What are the prime factors of 7704483?
3, 61, 42101
What are the prime factors of 4937836?
2, 83, 107, 139
List the prime factors of 80840.
2, 5, 43, 47
What are the prime factors of 1994909?
7, 521, 547
List the prime factors of 472820.
2, 5, 47, 503
What are the prime factors of 434565?
3, 5, 29, 37
List the prime factors of 526338.
2, 3, 19
List the prime factors of 162215.
5, 32443
What are the prime factors of 174784?
2, 2731
What are the prime factors of 7042958?
2, 13, 19, 53, 269
What are the prime factors of 